8
Suppose 108 = 2*j - 2*d, -d + 3*d = -3*j + 157. Let y = j - 16. What is the units digit of y?
7
Suppose -4*q - 2*c + 58 = 0, 2*q = 7*q - 5*c - 95. What is the units digit of q?
6
Suppose -5*g + 2135 = -3*i, -3*g + i = 3*i - 1281. What is the hundreds digit of g?
4
Suppose -8*d = -10*d + 10974. What is the tens digit of d?
8
Let s = -11 + 17. Let j = 5 - s. What is the tens digit of -2*(j - (16 + 2))?
3
Let l(w) = w**2 + 12*w - 9. Let n be l(-13). Suppose -448 = -n*b - 5*x, 3*x - 19 + 7 = 0. What is the tens digit of b?
0
Suppose 2*n + 2 = -2*i + 8, -5*i - 5 = n. Let s(c) = c**3 + c. Let b(l) = 8*l**3 - l**2 + 5*l + 1. Let q(x) = -b(x) + 6*s(x). What is the tens digit of q(i)?
1
Let d be (-11)/(198/(-60))*-1*3. What is the hundreds digit of 1/(-5) + (-1132)/d?
1
Suppose -24*m = -22*m - 1158. What is the units digit of m?
9
Let a be (4/5)/(12/30). Suppose 3*y - 4 = a*y. What is the units digit of (2/y)/((-10)/(-100))?
5
Let h(p) = p**2 - 11*p - 2. Suppose 10*i = 7*i + 48. What is the tens digit of h(i)?
7
Suppose x - 45 = -43. Suppose 3*t - x*t = 79. What is the tens digit of t?
7
Let t be 204/(-10)*(-10)/1. Suppose -q + t = q. What is the tens digit of (2/3)/(4/q)?
1
Suppose 4*a + u - 14 - 7 = 0, -5*u = a - 29. Suppose 0 = 5*r + 5*k - 5, -a*k - 7 - 1 = 0. What is the units digit of 24/10 - r/(-5)?
3
Let x(v) = v**3 + 12*v + 6*v**2 + 0*v**2 - 10*v**2 + 3*v**2. What is the units digit of x(5)?
0
Suppose -o - 3*b - 1541 = -6490, 0 = -3*b - 6. What is the units digit of o?
5
Let s = 204 - 228. Suppose t + 1 = 3. What is the tens digit of (-324)/s + t/4?
1
Let z = -54 + 27. Let b = z - -32. Suppose 2*y - 30 = -b*x + 3*x, 5*y = 5*x - 105. What is the units digit of x?
8
Let h = -5 - -27. Let v(s) = 4 - 2 - 2 - h*s - 5. What is the units digit of v(-2)?
9
Suppose 549 = 10*w - 4741. What is the hundreds digit of w?
5
Suppose -429 = -y - 4*n, 3*n = -16*y + 17*y - 429. What is the units digit of y?
9
Let n = 108 + -52. What is the hundreds digit of 4/(-14) + 4/(n/1698)?
1
Let l(c) be the third derivative of c**5/60 - c**4/12 - c**3/3 - 46*c**2. What is the units digit of l(-1)?
1
What is the units digit of (-3)/6 - ((-55783)/(-14))/(-13)?
6
Suppose 0 = -26*j + 24*j + 134. What is the units digit of j?
7
Suppose 2*l - 750 = 166. What is the hundreds digit of l?
4
Let y(p) = p**2 - 4*p + 18. Let q be y(5). Let l = q - -32. What is the units digit of l?
5
Let b = -928 + 2143. What is the tens digit of b/35 - (-4)/14?
3
Let k(f) = 1 - 84*f + 84*f - 8*f**3. Let x be k(1). Let r(p) = -p**3 - 5*p**2 + 4*p - 3. What is the tens digit of r(x)?
6
Suppose -157*d - 13 = -158*d. Suppose d*v + 460 = 17*v. What is the hundreds digit of v?
1
Suppose -14*m + 16*m - 4 = 0. Let c = m + 7. Let a(l) = l**3 - 10*l**2 + 11*l - 8. What is the units digit of a(c)?
0
Let a = 70 + -66. Suppose 0 = a*j + 5*w - 34 - 64, -w = -2*j + 56. What is the units digit of j?
7
Let f = 21 + -22. Let p = f - -1. Suppose -5*r - u + 97 = p, 3 = -2*u - 3. What is the units digit of r?
0
Let t(a) = -a + 6. Let f be t(11). Let w be (-6)/(-10) + 38/f. What is the tens digit of 2/w + 270/14?
1
Suppose -20 = 5*w - 9*w. Suppose -w = -3*q - 14, 3*g + 2*q - 318 = 0. What is the tens digit of g?
0
Let v = -143 - -759. What is the tens digit of v?
1
Suppose -4*c = -b - 2406, 5*b - 179 = -2*c + 1035. What is the hundreds digit of c?
6
Let y(n) = -2*n - 17. Let w be y(-12). Let f(a) = 2*a**2 + 7*a + 3. What is the units digit of f(w)?
0
Let c(z) = 12*z**2 + z - 5. What is the hundreds digit of c(-4)?
1
Suppose 0 = 3*r - 9, -2*r + 6159 = 2*c - 1465. What is the hundreds digit of c?
8
Let s(b) = b + 3*b**2 - b**2 - 3*b**3 - 8*b - 4. What is the units digit of s(-3)?
6
Let f = -2 - -2. Suppose f*d = -2*d + 48. What is the tens digit of d?
2
Suppose -5*o + 20 = -0. Suppose 0 = -2*m + m - o. Let u(l) = -l**2 - 5*l - 2. What is the units digit of u(m)?
2
Let z(k) = -2*k**2 - 3*k + 2. Let q(j) = -j**3 + 10*j**2 + 1. Let l be q(10). Let y be z(l). What is the tens digit of ((-2)/y)/(4/246)?
4
Let s(d) = 2*d**3 + 2*d + 7. Let n(g) = 3*g**3 + 3*g + 13. Let u(f) = 3*n(f) - 5*s(f). Let j be u(0). Let x = 17 - j. What is the units digit of x?
3
Suppose 10*z - 9 - 51 = 0. Suppose -650 = -z*b + 754. What is the hundreds digit of b?
2
Suppose 7 - 19 = -4*i. Suppose 6*n - 15 = i*n - 5*y, -4*n = 5*y - 15. Suppose n = -3*d + b - 3*b + 135, -3*d + 135 = b. What is the units digit of d?
5
Let l be (-13 + -15)*10/(-4). Suppose -6*q + 496 - l = 0. What is the units digit of q?
1
Let w = -1899 + 2859. What is the hundreds digit of w?
9
What is the hundreds digit of 30/105 + (-4191)/(-7)?
5
Let a(l) = 2*l + 12 - 3*l + 3*l - 3*l. What is the units digit of a(-5)?
7
Let j(h) = -h - 9. Let z be j(-10). Let n be -10*3/(-15)*z. Suppose -64 = -n*l - 2*w, -2*l - 138 = -6*l - 2*w. What is the units digit of l?
7
Suppose 10 = -r + 2*a - 5*a, 3*a + 15 = 0. Let h = r - 0. Suppose i - h = q, -5*i = 4*q - 17 - 53. What is the tens digit of i?
1
Let o = -27 + 32. Suppose -1 = -o*l - 6. What is the units digit of l - -40 - -4 - -4?
7
Let v be 73 - 5/(-5)*3. Suppose v = -9*o + 13*o. What is the units digit of o?
9
Suppose -5*m + 35 = -5*n, -3*m + 2*n + 23 = 2*m. Suppose -2*s - 5*x = -0*s - 323, -m*x = 2*s - 317. What is the tens digit of s?
5
Suppose 15*m - 252 - 678 = 0. What is the tens digit of m?
6
What is the units digit of -1*122*51/(-102)?
1
Suppose -1938 - 255 = -5*b + n, -2*b = 2*n - 882. What is the hundreds digit of b?
4
What is the units digit of ((-1)/1)/(6 - (-3395)/(-565))?
3
What is the hundreds digit of 658/(-21)*(3 - 30)?
8
Let i(q) = q - 1. Let f(a) = -2*a**3 + 3*a**2 - 7*a - 2. Let d(n) = -f(n) - 5*i(n). What is the hundreds digit of d(6)?
3
What is the units digit of 31042/42 + ((-2750)/210 - -13)?
9
Let i(g) = -16*g + 139. What is the tens digit of i(-26)?
5
Suppose 2*k - 19 = -5*u, 0*k - u - 5 = -4*k. What is the units digit of 13 - 12 - (40/(-2) + k)?
9
Let o = 2486 - 1149. What is the thousands digit of o?
1
Let j(b) = -b**2 + 6*b + 5. Let m be j(6). Suppose m*r = 4*f - 187, -55 = -0*f - f + 4*r. What is the units digit of f?
3
Let v = -96 + 56. What is the units digit of (69/(-4))/(15/v)?
6
Let x be (4/(-6))/(12/(-144)). Suppose -3*h = -x*h + 75. What is the units digit of h?
5
Let j be 0 - (-3 - -3 - 3). Suppose -o - 1 = j. What is the units digit of (-6)/o*94/3?
7
Suppose 0 = 30*a - 20*a - 50960. What is the units digit of a?
6
Suppose -3*t - 5*f = -2*t - 632, t - 652 = -f. What is the units digit of t?
7
Suppose 4253 = -11*p + 18971. What is the thousands digit of p?
1
Let q be 134 + -2 - (-2 + -1). Let i = q + -9. Suppose 9*k - 6*k = i. What is the tens digit of k?
4
Let o be (1/1 + -1)/(1 - 2). What is the tens digit of (-3 + o)*-5*(6 - -3)?
3
Let w be 890/(-2*1/(-5)). What is the units digit of (4/10)/((-6670)/w - -3)?
8
Suppose 166*f + 4 = 167*f. Suppose 5*i = -4*o + 323, 3*o + f*i - 147 - 96 = 0. What is the units digit of o?
7
Suppose 0 = -14*j - 16*j + 3150. What is the hundreds digit of j?
1
Suppose -4*i + 718 = 3*o, -50 = -o + i + 201. What is the hundreds digit of o?
2
Let w(s) = 7*s**2 - 13*s - 69. What is the hundreds digit of w(13)?
9
Let i = 139 + -61. Suppose 4*j + 2*h - i = 0, 4*j - 46 = -3*h + 31. What is the units digit of j?
0
Suppose 2810 = 12*m - 4426. What is the units digit of m?
3
Suppose -g + 364 = 3*w, -w = 2*g + 3*w - 724. What is the hundreds digit of g?
3
Suppose 16 + 242 = -3*a. Let v = -56 - a. What is the tens digit of v/40 + (-81)/(-4)?
2
Let k(a) = -a**3 - 6*a**2 - 3*a - 12. Let q = 38 + -44. Let i be k(q). Suppose 0 = i*g - 3*g - 180. What is the units digit of g?
0
Suppose -5*b + m - 2 = -36, b - m - 10 = 0. Let w be ((-4)/b)/((-28)/126). Suppose 3*s - 213 = w*k, 5*s = 3*s - k + 145. What is the units digit of s?
2
Suppose -2*t - 2*t + 3*a = -318, -238 = -3*t + 2*a. Let c(g) = 8*g + 7. Let l be c(5). Let z = t - l. What is the tens digit of z?
3
Let u(k) = k**3 + 21*k**2 + 21*k + 18. What is the hundreds digit of u(-18)?
6
Let k(b) = -b**3 + 9*b**2 - 6*b - 7. Let l be k(7). Suppose 0 = -3*u + l - 13. What is the units digit of u?
2
What is the hundreds digit of 6/16*(-32)/(-24)*3726?
8
What is the units digit of 831/3 + (-4 + 1)*-1?
0
Suppose 2*w + 3*j + 13 = 1352, 4*w + 5*j - 2